{"id":1099,"date":"2022-03-01T13:32:34","date_gmt":"2022-03-01T13:32:34","guid":{"rendered":"http:\/\/www.st-georg-halen.de\/home\/?page_id=1099"},"modified":"2026-03-28T08:48:07","modified_gmt":"2026-03-28T07:48:07","slug":"aktuelles","status":"publish","type":"page","link":"https:\/\/www.st-georg-halen.de\/home\/","title":{"rendered":"Aktuelles"},"content":{"rendered":"<ul class=\"wp-block-latest-posts__list is-grid columns-3 has-dates wp-block-latest-posts\"><li><div class=\"wp-block-latest-posts__featured-image\"><img loading=\"lazy\" decoding=\"async\" width=\"150\" height=\"150\" src=\"https:\/\/www.st-georg-halen.de\/home\/wp-content\/uploads\/2026\/02\/Schnupperschiessen-e1770105097352-150x150.webp\" class=\"attachment-thumbnail size-thumbnail wp-post-image\" alt=\"\" style=\"max-width:250px;max-height:250px;\" \/><\/div><a class=\"wp-block-latest-posts__post-title\" href=\"https:\/\/www.st-georg-halen.de\/home\/schnupperschiessen-in-halen-spass-und-spannung-fuer-kinder-und-jugendliche\/\">Schnupperschie\u00dfen in Halen \u2013 Spa\u00df und Spannung f\u00fcr Kinder und Jugendliche<\/a><time datetime=\"2026-02-03T07:48:24+01:00\" class=\"wp-block-latest-posts__post-date\">3. Februar 2026<\/time><div class=\"wp-block-latest-posts__post-excerpt\">Am 27. Februar 2026 l\u00e4dt das Sch\u00fctzenhaus am Alten Lether Weg in Halen zu einem besonderen Nachmittag ein: Von 16:00 bis 18:00 Uhr k\u00f6nnen Kinder und Jugendliche ab 6 Jahren beim Schnupperschie\u00dfen mit Laser- und Luftgewehr ihre Zielgenauigkeit testen. Die Veranstaltung bietet jungen Interessierten die M\u00f6glichkeit, den Schie\u00dfsport in sicherer\u2026\u00a0<a class=\"wp-block-latest-posts__read-more\" href=\"https:\/\/www.st-georg-halen.de\/home\/schnupperschiessen-in-halen-spass-und-spannung-fuer-kinder-und-jugendliche\/\" rel=\"noopener noreferrer\"><span class=\"screen-reader-text\">Schnupperschie\u00dfen in Halen \u2013 Spa\u00df und Spannung f\u00fcr Kinder und Jugendliche <\/span>weiterlesen<\/a><\/div><\/li>\n<li><div class=\"wp-block-latest-posts__featured-image\"><img loading=\"lazy\" decoding=\"async\" width=\"150\" height=\"150\" src=\"https:\/\/www.st-georg-halen.de\/home\/wp-content\/uploads\/2024\/04\/Schuetze-des-Jahres-2025-Halen-150x150.webp\" class=\"attachment-thumbnail size-thumbnail wp-post-image\" alt=\"\" style=\"max-width:250px;max-height:250px;\" srcset=\"https:\/\/www.st-georg-halen.de\/home\/wp-content\/uploads\/2024\/04\/Schuetze-des-Jahres-2025-Halen-150x150.webp 150w, https:\/\/www.st-georg-halen.de\/home\/wp-content\/uploads\/2024\/04\/Schuetze-des-Jahres-2025-Halen-600x600.webp 600w\" sizes=\"auto, (max-width: 150px) 100vw, 150px\" \/><\/div><a class=\"wp-block-latest-posts__post-title\" href=\"https:\/\/www.st-georg-halen.de\/home\/schuetze-des-jahres-2025\/\">Sch\u00fctze des Jahres 2025<\/a><time datetime=\"2025-09-28T19:57:00+01:00\" class=\"wp-block-latest-posts__post-date\">28. September 2025<\/time><div class=\"wp-block-latest-posts__post-excerpt\">Heinz-G\u00fcnter Dobelmann ist Sch\u00fctze des Jahres der St. Georg Bruderschaft Halen Halen. \u2013 Ein H\u00f6hepunkt jeder Generalversammlung ist die Bekanntgabe des \u201eSch\u00fctzen des Jahres\u201c. Diesen Ehrentitel erhielt in diesem Jahr Heinz-G\u00fcnter Dobelmann. In der Laudatio von Ludger Thien hie\u00df es: \u201eDie Auszeichnung zum Sch\u00fctzen des Jahres 2025 ist eine verdiente\u2026\u00a0<a class=\"wp-block-latest-posts__read-more\" href=\"https:\/\/www.st-georg-halen.de\/home\/schuetze-des-jahres-2025\/\" rel=\"noopener noreferrer\"><span class=\"screen-reader-text\">Sch\u00fctze des Jahres 2025 <\/span>weiterlesen<\/a><\/div><\/li>\n<li><div class=\"wp-block-latest-posts__featured-image\"><img loading=\"lazy\" decoding=\"async\" width=\"150\" height=\"150\" src=\"https:\/\/www.st-georg-halen.de\/home\/wp-content\/uploads\/2025\/10\/Sieger-Rundenwettkaempfe-Senioren-150x150.webp\" class=\"attachment-thumbnail size-thumbnail wp-post-image\" alt=\"\" style=\"max-width:250px;max-height:250px;\" srcset=\"https:\/\/www.st-georg-halen.de\/home\/wp-content\/uploads\/2025\/10\/Sieger-Rundenwettkaempfe-Senioren-150x150.webp 150w, https:\/\/www.st-georg-halen.de\/home\/wp-content\/uploads\/2025\/10\/Sieger-Rundenwettkaempfe-Senioren-600x600.webp 600w\" sizes=\"auto, (max-width: 150px) 100vw, 150px\" \/><\/div><a class=\"wp-block-latest-posts__post-title\" href=\"https:\/\/www.st-georg-halen.de\/home\/siegerehrung-der-rundenwettkaempfe-mit-gemuetlichem-abend\/\">Siegerehrung der Rundenwettk\u00e4mpfe mit gem\u00fctlichem Abend<\/a><time datetime=\"2025-09-28T11:28:00+01:00\" class=\"wp-block-latest-posts__post-date\">28. September 2025<\/time><div class=\"wp-block-latest-posts__post-excerpt\">Von Heinz-G\u00fcnther Dobelmann Halen. \u2013 Die Rundenwettk\u00e4mpfe 2024\/2025 von Bruderschaften aus dem Landesbezirksverband Oldenburger M\u00fcnsterland-H\u00fcmmling sind erfolgreich abgeschlossen. Die Wettk\u00e4mpfe wurden EDV- unterst\u00fctzt von Wettkampfleiter Christof Quebbemann (Bruderschaft Rottinghausen) geplant, durchgef\u00fchrt und ausgewertet. Die Wettkampfteilnehmer konnten sich dabei stets online \u00fcber den Stand der Wettbewerbe informieren. Schon seit Jahrzehnten findet\u2026\u00a0<a class=\"wp-block-latest-posts__read-more\" href=\"https:\/\/www.st-georg-halen.de\/home\/siegerehrung-der-rundenwettkaempfe-mit-gemuetlichem-abend\/\" rel=\"noopener noreferrer\"><span class=\"screen-reader-text\">Siegerehrung der Rundenwettk\u00e4mpfe mit gem\u00fctlichem Abend <\/span>weiterlesen<\/a><\/div><\/li>\n<li><div class=\"wp-block-latest-posts__featured-image\"><img loading=\"lazy\" decoding=\"async\" width=\"150\" height=\"150\" src=\"https:\/\/www.st-georg-halen.de\/home\/wp-content\/uploads\/2024\/08\/Verleihung-Silbernes-Kreuz-2025-150x150.webp\" class=\"attachment-thumbnail size-thumbnail wp-post-image\" alt=\"\" style=\"max-width:250px;max-height:250px;\" srcset=\"https:\/\/www.st-georg-halen.de\/home\/wp-content\/uploads\/2024\/08\/Verleihung-Silbernes-Kreuz-2025-150x150.webp 150w, https:\/\/www.st-georg-halen.de\/home\/wp-content\/uploads\/2024\/08\/Verleihung-Silbernes-Kreuz-2025-600x600.webp 600w\" sizes=\"auto, (max-width: 150px) 100vw, 150px\" \/><\/div><a class=\"wp-block-latest-posts__post-title\" href=\"https:\/\/www.st-georg-halen.de\/home\/1592-2\/\">Verleihung des Silbernen Verdienstkreuz (SVK) an Saskia Scheper und Andreas Vaske<\/a><time datetime=\"2025-08-10T17:30:00+01:00\" class=\"wp-block-latest-posts__post-date\">10. August 2025<\/time><div class=\"wp-block-latest-posts__post-excerpt\"><\/div><\/li>\n<li><div class=\"wp-block-latest-posts__featured-image\"><img loading=\"lazy\" decoding=\"async\" width=\"150\" height=\"150\" src=\"https:\/\/www.st-georg-halen.de\/home\/wp-content\/uploads\/2024\/04\/Gewaehlte-Vorstandsmitglieder-2025-150x150.webp\" class=\"attachment-thumbnail size-thumbnail wp-post-image\" alt=\"\" style=\"max-width:250px;max-height:250px;\" srcset=\"https:\/\/www.st-georg-halen.de\/home\/wp-content\/uploads\/2024\/04\/Gewaehlte-Vorstandsmitglieder-2025-150x150.webp 150w, https:\/\/www.st-georg-halen.de\/home\/wp-content\/uploads\/2024\/04\/Gewaehlte-Vorstandsmitglieder-2025-600x600.webp 600w\" sizes=\"auto, (max-width: 150px) 100vw, 150px\" \/><\/div><a class=\"wp-block-latest-posts__post-title\" href=\"https:\/\/www.st-georg-halen.de\/home\/fuehrungswechsel-bei-den-st-georg-schuetzen-in-halen\/\">F\u00fchrungswechsel bei den St. Georg-Sch\u00fctzen in Halen:<\/a><time datetime=\"2025-08-10T16:15:00+01:00\" class=\"wp-block-latest-posts__post-date\">10. August 2025<\/time><div class=\"wp-block-latest-posts__post-excerpt\">Halen. \u2013 An der Spitze der Sch\u00fctzenbruderschaft Halen steht jetzt Katharina Vaske als Brudermeisterin. Der bisherige Vorsitzende Ludger Thien bleibt dem Verein als stellvertretender Brudermeister erhalten. Ihre \u00c4mter tauschten auch die langj\u00e4hrige Damenschie\u00dfleiterin Rita Kr\u00f6ning und ihre Stellvertreterin Saskia Scheper. Damit setzt sich der Generationswechsel im Vorstand der St. Georg-Sch\u00fctzenbruderschaft weiter fort.<\/div><\/li>\n<li><div class=\"wp-block-latest-posts__featured-image\"><img loading=\"lazy\" decoding=\"async\" width=\"150\" height=\"150\" src=\"https:\/\/www.st-georg-halen.de\/home\/wp-content\/uploads\/2024\/06\/Schild-aufgestellt-2025-150x150.webp\" class=\"attachment-thumbnail size-thumbnail wp-post-image\" alt=\"\" style=\"max-width:250px;max-height:250px;\" srcset=\"https:\/\/www.st-georg-halen.de\/home\/wp-content\/uploads\/2024\/06\/Schild-aufgestellt-2025-150x150.webp 150w, https:\/\/www.st-georg-halen.de\/home\/wp-content\/uploads\/2024\/06\/Schild-aufgestellt-2025-600x600.webp 600w\" sizes=\"auto, (max-width: 150px) 100vw, 150px\" \/><\/div><a class=\"wp-block-latest-posts__post-title\" href=\"https:\/\/www.st-georg-halen.de\/home\/schilder-kuendigen-bevorstehendes-schuetzenfest-an\/\">Schilder k\u00fcndigen bevorstehendes Sch\u00fctzenfest an<\/a><time datetime=\"2025-06-30T10:26:00+01:00\" class=\"wp-block-latest-posts__post-date\">30. Juni 2025<\/time><div class=\"wp-block-latest-posts__post-excerpt\">Halen. \u2013 An den Ortseing\u00e4ngen von Halen stehen wieder gro\u00dfe Schilder, die auf das bevorstehende Sch\u00fctzenfest hinweisen. Mitglieder des Vorstandes und des amtierenden Sch\u00fctzenthrons stellten die Schilder auf, die das Volksfest am ersten Juliwochenende ank\u00fcndigen. Mit dem Kinderk\u00f6nigschie\u00dfen am 29. Juni 2025 beginnt das diesj\u00e4hrige Sch\u00fctzenfest. Fortgesetzt wird es am\u2026\u00a0<a class=\"wp-block-latest-posts__read-more\" href=\"https:\/\/www.st-georg-halen.de\/home\/schilder-kuendigen-bevorstehendes-schuetzenfest-an\/\" rel=\"noopener noreferrer\"><span class=\"screen-reader-text\">Schilder k\u00fcndigen bevorstehendes Sch\u00fctzenfest an <\/span>weiterlesen<\/a><\/div><\/li>\n<\/ul>","protected":false},"excerpt":{"rendered":"","protected":false},"author":3,"featured_media":0,"parent":0,"menu_order":0,"comment_status":"closed","ping_status":"closed","template":"","meta":{"ocean_post_layout":"","ocean_both_sidebars_style":"","ocean_both_sidebars_content_width":0,"ocean_both_sidebars_sidebars_width":0,"ocean_sidebar":"0","ocean_second_sidebar":"0","ocean_disable_margins":"enable","ocean_add_body_class":"","ocean_shortcode_before_top_bar":"","ocean_shortcode_after_top_bar":"","ocean_shortcode_before_header":"","ocean_shortcode_after_header":"","ocean_has_shortcode":"","ocean_shortcode_after_title":"","ocean_shortcode_before_footer_widgets":"","ocean_shortcode_after_footer_widgets":"","ocean_shortcode_before_footer_bottom":"","ocean_shortcode_after_footer_bottom":"","ocean_display_top_bar":"default","ocean_display_header":"default","ocean_header_style":"","ocean_center_header_left_menu":"0","ocean_custom_header_template":"0","ocean_custom_logo":0,"ocean_custom_retina_logo":0,"ocean_custom_logo_max_width":0,"ocean_custom_logo_tablet_max_width":0,"ocean_custom_logo_mobile_max_width":0,"ocean_custom_logo_max_height":0,"ocean_custom_logo_tablet_max_height":0,"ocean_custom_logo_mobile_max_height":0,"ocean_header_custom_menu":"0","ocean_menu_typo_font_family":"0","ocean_menu_typo_font_subset":"","ocean_menu_typo_font_size":0,"ocean_menu_typo_font_size_tablet":0,"ocean_menu_typo_font_size_mobile":0,"ocean_menu_typo_font_size_unit":"px","ocean_menu_typo_font_weight":"","ocean_menu_typo_font_weight_tablet":"","ocean_menu_typo_font_weight_mobile":"","ocean_menu_typo_transform":"","ocean_menu_typo_transform_tablet":"","ocean_menu_typo_transform_mobile":"","ocean_menu_typo_line_height":0,"ocean_menu_typo_line_height_tablet":0,"ocean_menu_typo_line_height_mobile":0,"ocean_menu_typo_line_height_unit":"","ocean_menu_typo_spacing":0,"ocean_menu_typo_spacing_tablet":0,"ocean_menu_typo_spacing_mobile":0,"ocean_menu_typo_spacing_unit":"","ocean_menu_link_color":"","ocean_menu_link_color_hover":"","ocean_menu_link_color_active":"","ocean_menu_link_background":"","ocean_menu_link_hover_background":"","ocean_menu_link_active_background":"","ocean_menu_social_links_bg":"","ocean_menu_social_hover_links_bg":"","ocean_menu_social_links_color":"","ocean_menu_social_hover_links_color":"","ocean_disable_title":"default","ocean_disable_heading":"default","ocean_post_title":"","ocean_post_subheading":"","ocean_post_title_style":"","ocean_post_title_background_color":"","ocean_post_title_background":0,"ocean_post_title_bg_image_position":"","ocean_post_title_bg_image_attachment":"","ocean_post_title_bg_image_repeat":"","ocean_post_title_bg_image_size":"","ocean_post_title_height":0,"ocean_post_title_bg_overlay":0.5,"ocean_post_title_bg_overlay_color":"","ocean_disable_breadcrumbs":"default","ocean_breadcrumbs_color":"","ocean_breadcrumbs_separator_color":"","ocean_breadcrumbs_links_color":"","ocean_breadcrumbs_links_hover_color":"","ocean_display_footer_widgets":"default","ocean_display_footer_bottom":"default","ocean_custom_footer_template":"0","footnotes":""},"class_list":["post-1099","page","type-page","status-publish","hentry","entry"],"_links":{"self":[{"href":"https:\/\/www.st-georg-halen.de\/home\/wp-json\/wp\/v2\/pages\/1099","targetHints":{"allow":["GET"]}}],"collection":[{"href":"https:\/\/www.st-georg-halen.de\/home\/wp-json\/wp\/v2\/pages"}],"about":[{"href":"https:\/\/www.st-georg-halen.de\/home\/wp-json\/wp\/v2\/types\/page"}],"author":[{"embeddable":true,"href":"https:\/\/www.st-georg-halen.de\/home\/wp-json\/wp\/v2\/users\/3"}],"replies":[{"embeddable":true,"href":"https:\/\/www.st-georg-halen.de\/home\/wp-json\/wp\/v2\/comments?post=1099"}],"version-history":[{"count":9,"href":"https:\/\/www.st-georg-halen.de\/home\/wp-json\/wp\/v2\/pages\/1099\/revisions"}],"predecessor-version":[{"id":1753,"href":"https:\/\/www.st-georg-halen.de\/home\/wp-json\/wp\/v2\/pages\/1099\/revisions\/1753"}],"wp:attachment":[{"href":"https:\/\/www.st-georg-halen.de\/home\/wp-json\/wp\/v2\/media?parent=1099"}],"curies":[{"name":"wp","href":"https:\/\/api.w.org\/{rel}","templated":true}]}}