{"id":6,"date":"2010-07-15T17:15:02","date_gmt":"2010-07-15T17:15:02","guid":{"rendered":"http:\/\/www.st-georg-halen.de\/home\/?page_id=6"},"modified":"2025-10-19T10:55:20","modified_gmt":"2025-10-19T10:55:20","slug":"die-konige","status":"publish","type":"page","link":"https:\/\/www.st-georg-halen.de\/home\/vereinsleben\/die-konige\/","title":{"rendered":"K\u00f6nige und Kaiser"},"content":{"rendered":"\n<h2 class=\"wp-block-heading\">K\u00f6nigsthron 2025 mit K\u00f6nig Andreas Vaske<\/h2>\n\n\n\n<figure class=\"wp-block-image size-large\"><a href=\"https:\/\/www.st-georg-halen.de\/home\/wp-content\/uploads\/2025\/10\/Koenigsthron-Halen-2025.webp\"><img loading=\"lazy\" decoding=\"async\" width=\"1024\" height=\"531\" src=\"https:\/\/www.st-georg-halen.de\/home\/wp-content\/uploads\/2025\/10\/Koenigsthron-Halen-2025-1024x531.webp\" alt=\"\" class=\"wp-image-1657\" srcset=\"https:\/\/www.st-georg-halen.de\/home\/wp-content\/uploads\/2025\/10\/Koenigsthron-Halen-2025-1024x531.webp 1024w, https:\/\/www.st-georg-halen.de\/home\/wp-content\/uploads\/2025\/10\/Koenigsthron-Halen-2025-300x155.webp 300w, https:\/\/www.st-georg-halen.de\/home\/wp-content\/uploads\/2025\/10\/Koenigsthron-Halen-2025-768x398.webp 768w, https:\/\/www.st-georg-halen.de\/home\/wp-content\/uploads\/2025\/10\/Koenigsthron-Halen-2025-1536x796.webp 1536w, https:\/\/www.st-georg-halen.de\/home\/wp-content\/uploads\/2025\/10\/Koenigsthron-Halen-2025.webp 1920w\" sizes=\"auto, (max-width: 1024px) 100vw, 1024px\" \/><\/a><\/figure>\n\n\n\n<p>Die Regentschaft in Halen hat K\u00f6nig Andreas Vaske mit seiner K\u00f6nigin Katharina (Mitte) \u00a0\u00fcbernommen. Unterst\u00fctzt werden sie bei ihrer Regierungsarbeit durch (von links) Annette und Josef Reinke, Thomas und Sabrina L\u00fcbbe, Saskia und David Scheper sowie Marita und Reinhold Niemann<\/p>\n\n\n\n<h2 class=\"wp-block-heading\">K\u00f6nigsthron 2024 mit K\u00f6nig Manfred Hitz<\/h2>\n\n\n\n<figure class=\"wp-block-image size-large\"><a href=\"https:\/\/www.st-georg-halen.de\/home\/wp-content\/uploads\/2023\/07\/koenigsthron-halen-2024.webp\"><img loading=\"lazy\" decoding=\"async\" width=\"1024\" height=\"605\" src=\"https:\/\/www.st-georg-halen.de\/home\/wp-content\/uploads\/2023\/07\/koenigsthron-halen-2024-1024x605.webp\" alt=\"\" class=\"wp-image-1558\" srcset=\"https:\/\/www.st-georg-halen.de\/home\/wp-content\/uploads\/2023\/07\/koenigsthron-halen-2024-1024x605.webp 1024w, https:\/\/www.st-georg-halen.de\/home\/wp-content\/uploads\/2023\/07\/koenigsthron-halen-2024-300x177.webp 300w, https:\/\/www.st-georg-halen.de\/home\/wp-content\/uploads\/2023\/07\/koenigsthron-halen-2024-768x454.webp 768w, https:\/\/www.st-georg-halen.de\/home\/wp-content\/uploads\/2023\/07\/koenigsthron-halen-2024-1536x907.webp 1536w, https:\/\/www.st-georg-halen.de\/home\/wp-content\/uploads\/2023\/07\/koenigsthron-halen-2024.webp 1828w\" sizes=\"auto, (max-width: 1024px) 100vw, 1024px\" \/><\/a><\/figure>\n\n\n\n<p>Die Regentschaft in Halen hat K\u00f6nig Manfred Hitz mit seiner K\u00f6nigin Stefanie (Mitte)&nbsp; \u00fcbernommen. Unterst\u00fctzt werden sie bei ihrer Regierungsarbeit durch (von links) Kerstin und J\u00fcrgen Wichmann, Petra und J\u00f6rg Kranz, Daniela und Ansgar Vo\u00dfmann sowie Monika und Christian Otten.<\/p>\n\n\n\n<h2 class=\"wp-block-heading\">Kaiserthron mit Kaiser Reinhold Hitz<\/h2>\n\n\n\n<p>Der erste Sch\u00fctzenkaiser der St. Georg Sch\u00fctzenbruderschaft wurde anl\u00e4sslich des Jubil\u00e4umssch\u00fctzenfestes im Jahre 2002 zum 25-j\u00e4hrigen Bestehen der Bruderschaft ermittelt.<\/p>\n\n\n<div class=\"wp-block-image\">\n<figure class=\"aligncenter size-full\"><a href=\"https:\/\/www.st-georg-halen.de\/home\/wp-content\/uploads\/2010\/07\/Kaiserthron.jpg\"><img loading=\"lazy\" decoding=\"async\" width=\"600\" height=\"450\" src=\"https:\/\/www.st-georg-halen.de\/home\/wp-content\/uploads\/2010\/07\/Kaiserthron.jpg\" alt=\"\" class=\"wp-image-253\" style=\"object-fit:cover\" srcset=\"https:\/\/www.st-georg-halen.de\/home\/wp-content\/uploads\/2010\/07\/Kaiserthron.jpg 600w, https:\/\/www.st-georg-halen.de\/home\/wp-content\/uploads\/2010\/07\/Kaiserthron-300x225.jpg 300w\" sizes=\"auto, (max-width: 600px) 100vw, 600px\" \/><\/a><figcaption class=\"wp-element-caption\">V.l. Helga und Josef Menke, Kaiserpaar Thea und Reinhold Hitz, Maria und Andreas Grafe, Veronika und Heinrich Hitz<\/figcaption><\/figure>\n<\/div>\n\n\n<h2 class=\"wp-block-heading\"><strong>Bisherige K\u00f6nige\/K\u00f6niginnen<\/strong><\/h2>\n\n\n\n<div class=\"wp-block-gutena-accordion gutena-accordion-block gutena-accordion-block-30042f-44 is-layout-flow wp-block-gutena-accordion-is-layout-flow\" data-single=\"true\">\n<div class=\"wp-block-gutena-accordion-panel gutena-accordion-block__panel\">\n<div class=\"wp-block-gutena-accordion-panel-title gutena-accordion-block__panel-title\"><div class=\"gutena-accordion-block__panel-title-inner\">\n<h6 class=\"wp-block-heading has-text-align-left\" style=\"margin-top:0px;margin-right:0px;margin-bottom:0px;margin-left:0px\">1977 &#8211; 1980<\/h6>\n<div class=\"trigger-up-down\"><div class=\"horizontal\"><\/div><div class=\"vertical\"><\/div><\/div><\/div><\/div>\n\n\n\n<div class=\"wp-block-gutena-accordion-panel-content gutena-accordion-block__panel-content\"><div class=\"gutena-accordion-block__panel-content-inner\">\n<p>1977&nbsp; Alwin Wegmann<\/p>\n\n\n\n<p>1978&nbsp; Alfons Meyer<\/p>\n\n\n\n<p>1979&nbsp; Heinrich L\u00fcbbe<\/p>\n\n\n\n<p>1980&nbsp; Helga Stolle<\/p>\n<\/div><\/div>\n<\/div>\n\n\n\n<div class=\"wp-block-gutena-accordion-panel gutena-accordion-block__panel\">\n<div class=\"wp-block-gutena-accordion-panel-title gutena-accordion-block__panel-title\"><div class=\"gutena-accordion-block__panel-title-inner\">\n<h6 class=\"wp-block-heading has-text-align-left\" style=\"margin-top:0px;margin-right:0px;margin-bottom:0px;margin-left:0px\">1981 &#8211; 1990<\/h6>\n<div class=\"trigger-up-down\"><div class=\"horizontal\"><\/div><div class=\"vertical\"><\/div><\/div><\/div><\/div>\n\n\n\n<div class=\"wp-block-gutena-accordion-panel-content gutena-accordion-block__panel-content\"><div class=\"gutena-accordion-block__panel-content-inner\">\n<p>1981&nbsp; Hans Ker\u00dfens<\/p>\n\n\n\n<p>1982&nbsp; Franz Crone<\/p>\n\n\n\n<p>1983&nbsp; G\u00fcnter L\u00fcbbe&nbsp;&nbsp;&nbsp;&nbsp;&nbsp;&nbsp;&nbsp;&nbsp;&nbsp;&nbsp;&nbsp;&nbsp;&nbsp;&nbsp;&nbsp;&nbsp;&nbsp;&nbsp;&nbsp;&nbsp;&nbsp;&nbsp;&nbsp;&nbsp;&nbsp;&nbsp;&nbsp;&nbsp;&nbsp;&nbsp;&nbsp;&nbsp;&nbsp;&nbsp;&nbsp;&nbsp;&nbsp;&nbsp;&nbsp; Lbz-K\u00f6nig<\/p>\n\n\n\n<p>1984&nbsp; Reinhold Hitz&nbsp;&nbsp;&nbsp;&nbsp;&nbsp;&nbsp;&nbsp;&nbsp;&nbsp;&nbsp;&nbsp;&nbsp;&nbsp;&nbsp;&nbsp;&nbsp;&nbsp;&nbsp;&nbsp;&nbsp;&nbsp;&nbsp;&nbsp;&nbsp;&nbsp;&nbsp;&nbsp;&nbsp;&nbsp;&nbsp;&nbsp;&nbsp;&nbsp;&nbsp;&nbsp;&nbsp;&nbsp;&nbsp;&nbsp; Kaiser 2002<\/p>\n\n\n\n<p>1985&nbsp; Josef Gabriel<\/p>\n\n\n\n<p>1986&nbsp; Siegbert Kranz<\/p>\n\n\n\n<p>1987&nbsp; Josef Otten<\/p>\n\n\n\n<p>1988&nbsp; Heinrich S\u00fcdbeck<\/p>\n\n\n\n<p>1989&nbsp; Ludger Flint<\/p>\n\n\n\n<p>1990&nbsp; Reinhold Kalvelage<\/p>\n<\/div><\/div>\n<\/div>\n\n\n\n<div class=\"wp-block-gutena-accordion-panel gutena-accordion-block__panel\">\n<div class=\"wp-block-gutena-accordion-panel-title gutena-accordion-block__panel-title\"><div class=\"gutena-accordion-block__panel-title-inner\">\n<h6 class=\"wp-block-heading has-text-align-left\" style=\"margin-top:0px;margin-right:0px;margin-bottom:0px;margin-left:0px\">1991 &#8211; 2000<\/h6>\n<div class=\"trigger-up-down\"><div class=\"horizontal\"><\/div><div class=\"vertical\"><\/div><\/div><\/div><\/div>\n\n\n\n<div class=\"wp-block-gutena-accordion-panel-content gutena-accordion-block__panel-content\"><div class=\"gutena-accordion-block__panel-content-inner\">\n<p>1991&nbsp; Willi Thoben<\/p>\n\n\n\n<p>1992&nbsp; Rudi Oltmann<\/p>\n\n\n\n<p>1993&nbsp; Heinrich Hitz jun.<\/p>\n\n\n\n<p>1994&nbsp; Alwin Meyer<\/p>\n\n\n\n<p>1995&nbsp; Theo Grafe<\/p>\n\n\n\n<p>1996&nbsp; Richard Stolle<\/p>\n\n\n\n<p>1997&nbsp; Heinz Dwertmann<\/p>\n\n\n\n<p>1998&nbsp; Theo Vagelpohl<\/p>\n\n\n\n<p>1999&nbsp; Albert Wendeln<\/p>\n\n\n\n<p>2000&nbsp; Gaby Th\u00f6le<\/p>\n<\/div><\/div>\n<\/div>\n\n\n\n<div class=\"wp-block-gutena-accordion-panel gutena-accordion-block__panel\">\n<div class=\"wp-block-gutena-accordion-panel-title gutena-accordion-block__panel-title\"><div class=\"gutena-accordion-block__panel-title-inner\">\n<h6 class=\"wp-block-heading has-text-align-left\" style=\"margin-top:0px;margin-right:0px;margin-bottom:0px;margin-left:0px\">2001 &#8211; 2010<\/h6>\n<div class=\"trigger-up-down\"><div class=\"horizontal\"><\/div><div class=\"vertical\"><\/div><\/div><\/div><\/div>\n\n\n\n<div class=\"wp-block-gutena-accordion-panel-content gutena-accordion-block__panel-content\"><div class=\"gutena-accordion-block__panel-content-inner\">\n<p>2001&nbsp; Heino Thoben<\/p>\n\n\n\n<p>2002&nbsp; Ludger Flint<\/p>\n\n\n\n<p>2003&nbsp; Paul Blanke<\/p>\n\n\n\n<p>2004&nbsp; Berthold B\u00fcssing<\/p>\n\n\n\n<p>2005&nbsp; Johannes Burrichter<\/p>\n\n\n\n<p>2006&nbsp; Cornelius Bol<\/p>\n\n\n\n<p>2007&nbsp; Franz-Josef Bley<\/p>\n\n\n\n<p>2008&nbsp; David Jungmann<\/p>\n\n\n\n<p>2009&nbsp; Willi Thoben<\/p>\n\n\n\n<p>2010&nbsp; Heinz Dwertmann<\/p>\n<\/div><\/div>\n<\/div>\n\n\n\n<div class=\"wp-block-gutena-accordion-panel gutena-accordion-block__panel\">\n<div class=\"wp-block-gutena-accordion-panel-title gutena-accordion-block__panel-title\"><div class=\"gutena-accordion-block__panel-title-inner\">\n<h6 class=\"wp-block-heading has-text-align-left\" style=\"margin-top:0px;margin-right:0px;margin-bottom:0px;margin-left:0px\">2011 &#8211; 2020<\/h6>\n<div class=\"trigger-up-down\"><div class=\"horizontal\"><\/div><div class=\"vertical\"><\/div><\/div><\/div><\/div>\n\n\n\n<div class=\"wp-block-gutena-accordion-panel-content gutena-accordion-block__panel-content\"><div class=\"gutena-accordion-block__panel-content-inner\">\n<p>2011&nbsp; Heinz-Josef Thoben<\/p>\n\n\n\n<p>2012&nbsp; Ludger Thien&nbsp;&nbsp;&nbsp;&nbsp;&nbsp;&nbsp;&nbsp;&nbsp;&nbsp;&nbsp;&nbsp;&nbsp;&nbsp;&nbsp;&nbsp;&nbsp;&nbsp;&nbsp;&nbsp;&nbsp;&nbsp;&nbsp;&nbsp;&nbsp;&nbsp;&nbsp;&nbsp;&nbsp;&nbsp;&nbsp;&nbsp;&nbsp;&nbsp;&nbsp;&nbsp;&nbsp;&nbsp;&nbsp;&nbsp; Lbz-K\u00f6nig<\/p>\n\n\n\n<p>2013&nbsp; Andrea Grafe<\/p>\n\n\n\n<p>2014 Reinhold Hitz&nbsp;&nbsp;&nbsp;&nbsp;&nbsp;&nbsp;&nbsp;&nbsp;&nbsp;&nbsp;&nbsp;&nbsp;&nbsp;&nbsp;&nbsp;&nbsp;&nbsp;&nbsp;&nbsp;&nbsp;&nbsp;&nbsp;&nbsp;&nbsp;&nbsp;&nbsp;&nbsp;&nbsp;&nbsp;&nbsp;&nbsp;&nbsp;&nbsp;&nbsp;&nbsp;&nbsp;&nbsp;&nbsp;&nbsp; Kaiser 2002<\/p>\n\n\n\n<p>2015 Peter Kannwischer<\/p>\n\n\n\n<p>2016 Konrad Th\u00f6le<\/p>\n\n\n\n<p>2017 Katharina Vaske<\/p>\n\n\n\n<p>2018 Maria Kannwischer<\/p>\n\n\n\n<p>2019 Franz-Josef Wegmann<\/p>\n\n\n\n<p>2020 Franz-Josef Wegmann<\/p>\n<\/div><\/div>\n<\/div>\n\n\n\n<div class=\"wp-block-gutena-accordion-panel gutena-accordion-block__panel\">\n<div class=\"wp-block-gutena-accordion-panel-title gutena-accordion-block__panel-title\"><div class=\"gutena-accordion-block__panel-title-inner\">\n<h6 class=\"wp-block-heading has-text-align-left\" style=\"margin-top:0px;margin-right:0px;margin-bottom:0px;margin-left:0px\">2021 &#8211; 2030<\/h6>\n<div class=\"trigger-up-down\"><div class=\"horizontal\"><\/div><div class=\"vertical\"><\/div><\/div><\/div><\/div>\n\n\n\n<div class=\"wp-block-gutena-accordion-panel-content gutena-accordion-block__panel-content\"><div class=\"gutena-accordion-block__panel-content-inner\">\n<p>2021 Franz-Josef Wegmann<\/p>\n\n\n\n<p>2022 Jutta Haske<\/p>\n\n\n\n<p>2023 Thomas L\u00fcbbe<\/p>\n\n\n\n<p>2024 Manfred Hitz<\/p>\n\n\n\n<p>2025 Andreas Vaske<\/p>\n<\/div><\/div>\n<\/div>\n<\/div>\n\n\n\n<p><\/p>\n\n\n\n<p><\/p>\n\n\n\n<p><\/p>\n\n\n\n<p><\/p>\n\n\n\n<p><\/p>\n\n\n\n<p><\/p>\n","protected":false},"excerpt":{"rendered":"<p>K\u00f6nigsthron 2025 mit K\u00f6nig Andreas Vaske Die Regentschaft in Halen hat K\u00f6nig Andreas Vaske mit seiner K\u00f6nigin Katharina (Mitte) \u00a0\u00fcbernommen. Unterst\u00fctzt werden sie bei ihrer Regierungsarbeit durch (von links) Annette und Josef Reinke, Thomas und Sabrina L\u00fcbbe, Saskia und David Scheper sowie Marita und Reinhold Niemann K\u00f6nigsthron 2024 mit K\u00f6nig Manfred Hitz Die Regentschaft in [&hellip;]<\/p>\n","protected":false},"author":2,"featured_media":0,"parent":92,"menu_order":2,"comment_status":"closed","ping_status":"closed","template":"","meta":{"ocean_post_layout":"","ocean_both_sidebars_style":"","ocean_both_sidebars_content_width":0,"ocean_both_sidebars_sidebars_width":0,"ocean_sidebar":"0","ocean_second_sidebar":"0","ocean_disable_margins":"enable","ocean_add_body_class":"","ocean_shortcode_before_top_bar":"","ocean_shortcode_after_top_bar":"","ocean_shortcode_before_header":"","ocean_shortcode_after_header":"","ocean_has_shortcode":"","ocean_shortcode_after_title":"","ocean_shortcode_before_footer_widgets":"","ocean_shortcode_after_footer_widgets":"","ocean_shortcode_before_footer_bottom":"","ocean_shortcode_after_footer_bottom":"","ocean_display_top_bar":"default","ocean_display_header":"default","ocean_header_style":"","ocean_center_header_left_menu":"0","ocean_custom_header_template":"0","ocean_custom_logo":0,"ocean_custom_retina_logo":0,"ocean_custom_logo_max_width":0,"ocean_custom_logo_tablet_max_width":0,"ocean_custom_logo_mobile_max_width":0,"ocean_custom_logo_max_height":0,"ocean_custom_logo_tablet_max_height":0,"ocean_custom_logo_mobile_max_height":0,"ocean_header_custom_menu":"0","ocean_menu_typo_font_family":"0","ocean_menu_typo_font_subset":"","ocean_menu_typo_font_size":0,"ocean_menu_typo_font_size_tablet":0,"ocean_menu_typo_font_size_mobile":0,"ocean_menu_typo_font_size_unit":"px","ocean_menu_typo_font_weight":"","ocean_menu_typo_font_weight_tablet":"","ocean_menu_typo_font_weight_mobile":"","ocean_menu_typo_transform":"","ocean_menu_typo_transform_tablet":"","ocean_menu_typo_transform_mobile":"","ocean_menu_typo_line_height":0,"ocean_menu_typo_line_height_tablet":0,"ocean_menu_typo_line_height_mobile":0,"ocean_menu_typo_line_height_unit":"","ocean_menu_typo_spacing":0,"ocean_menu_typo_spacing_tablet":0,"ocean_menu_typo_spacing_mobile":0,"ocean_menu_typo_spacing_unit":"","ocean_menu_link_color":"","ocean_menu_link_color_hover":"","ocean_menu_link_color_active":"","ocean_menu_link_background":"","ocean_menu_link_hover_background":"","ocean_menu_link_active_background":"","ocean_menu_social_links_bg":"","ocean_menu_social_hover_links_bg":"","ocean_menu_social_links_color":"","ocean_menu_social_hover_links_color":"","ocean_disable_title":"default","ocean_disable_heading":"default","ocean_post_title":"","ocean_post_subheading":"","ocean_post_title_style":"","ocean_post_title_background_color":"","ocean_post_title_background":0,"ocean_post_title_bg_image_position":"","ocean_post_title_bg_image_attachment":"","ocean_post_title_bg_image_repeat":"","ocean_post_title_bg_image_size":"","ocean_post_title_height":0,"ocean_post_title_bg_overlay":0.5,"ocean_post_title_bg_overlay_color":"","ocean_disable_breadcrumbs":"default","ocean_breadcrumbs_color":"","ocean_breadcrumbs_separator_color":"","ocean_breadcrumbs_links_color":"","ocean_breadcrumbs_links_hover_color":"","ocean_display_footer_widgets":"default","ocean_display_footer_bottom":"default","ocean_custom_footer_template":"0","footnotes":""},"class_list":["post-6","page","type-page","status-publish","hentry","entry"],"_links":{"self":[{"href":"https:\/\/www.st-georg-halen.de\/home\/wp-json\/wp\/v2\/pages\/6","targetHints":{"allow":["GET"]}}],"collection":[{"href":"https:\/\/www.st-georg-halen.de\/home\/wp-json\/wp\/v2\/pages"}],"about":[{"href":"https:\/\/www.st-georg-halen.de\/home\/wp-json\/wp\/v2\/types\/page"}],"author":[{"embeddable":true,"href":"https:\/\/www.st-georg-halen.de\/home\/wp-json\/wp\/v2\/users\/2"}],"replies":[{"embeddable":true,"href":"https:\/\/www.st-georg-halen.de\/home\/wp-json\/wp\/v2\/comments?post=6"}],"version-history":[{"count":35,"href":"https:\/\/www.st-georg-halen.de\/home\/wp-json\/wp\/v2\/pages\/6\/revisions"}],"predecessor-version":[{"id":1658,"href":"https:\/\/www.st-georg-halen.de\/home\/wp-json\/wp\/v2\/pages\/6\/revisions\/1658"}],"up":[{"embeddable":true,"href":"https:\/\/www.st-georg-halen.de\/home\/wp-json\/wp\/v2\/pages\/92"}],"wp:attachment":[{"href":"https:\/\/www.st-georg-halen.de\/home\/wp-json\/wp\/v2\/media?parent=6"}],"curies":[{"name":"wp","href":"https:\/\/api.w.org\/{rel}","templated":true}]}}